{"id":29460,"date":"2025-11-09T13:59:21","date_gmt":"2025-11-09T13:59:21","guid":{"rendered":"https:\/\/ardjotec.com.mx\/?post_type=product&#038;p=29460"},"modified":"2025-11-09T13:59:21","modified_gmt":"2025-11-09T13:59:21","slug":"valvula-de-compuertas","status":"publish","type":"product","link":"https:\/\/ardjotec.com.mx\/?product=valvula-de-compuertas","title":{"rendered":"V\u00e1lvula de Compuertas"},"content":{"rendered":"<h1>V\u00e1lvula de Compuertas<\/h1>\n<p>V\u00e1lvula compuerta robusta para sistemas industriales de control de fluidos. Disponible en di\u00e1metros de 2&#8243; a 24&#8243;, soporta presiones de trabajo de hasta 16 bares. Accionamiento por volante para una regulaci\u00f3n precisa del flujo. Fabricada con materiales de alto rendimiento como hierro d\u00factil, acero al carbono, aceros inoxidables, Hastelloy y bronce, garantizando durabilidad en entornos exigentes.<\/p>\n","protected":false},"excerpt":{"rendered":"<p>V\u00e1lvula de Compuertas V\u00e1lvula compuerta robusta para sistemas industriales de control de fluidos. Disponible en di\u00e1metros de 2&#8243; a 24&#8243;,<\/p>\n","protected":false},"featured_media":29461,"comment_status":"open","ping_status":"closed","template":"","meta":[],"product_brand":[],"product_cat":[75],"product_tag":[],"class_list":{"0":"post-29460","1":"product","2":"type-product","3":"status-publish","4":"has-post-thumbnail","6":"product_cat-valvulas","8":"first","9":"instock","10":"shipping-taxable","11":"product-type-simple"},"yoast_head":"<!-- This site is optimized with the Yoast SEO plugin v26.0 - https:\/\/yoast.com\/wordpress\/plugins\/seo\/ -->\n<title>V\u00e1lvula de Compuertas<\/title>\n<meta name=\"description\" content=\"V\u00e1lvulas compuertas de 2&quot; a 24&quot;, hasta 16 bares de presi\u00f3n. Fabricadas en hierro d\u00factil, acero al carbono, inoxidables, Hastelloy y bronce.\" \/>\n<meta name=\"robots\" content=\"index, follow, max-snippet:-1, max-image-preview:large, max-video-preview:-1\" \/>\n<link rel=\"canonical\" href=\"https:\/\/ardjotec.com.mx\/?product=valvula-de-compuertas\" \/>\n<meta property=\"og:locale\" content=\"en_US\" \/>\n<meta property=\"og:type\" content=\"article\" \/>\n<meta property=\"og:title\" content=\"V\u00e1lvula de Compuertas\" \/>\n<meta property=\"og:description\" content=\"V\u00e1lvulas compuertas de 2&quot; a 24&quot;, hasta 16 bares de presi\u00f3n. Fabricadas en hierro d\u00factil, acero al carbono, inoxidables, Hastelloy y bronce.\" \/>\n<meta property=\"og:url\" content=\"https:\/\/ardjotec.com.mx\/?product=valvula-de-compuertas\" \/>\n<meta property=\"og:site_name\" content=\"ardjotec\" \/>\n<meta property=\"og:image\" content=\"https:\/\/ardjotec.com.mx\/wp-content\/uploads\/2025\/11\/Valvula-de-Compuertas-.png\" \/>\n\t<meta property=\"og:image:width\" content=\"1024\" \/>\n\t<meta property=\"og:image:height\" content=\"1024\" \/>\n\t<meta property=\"og:image:type\" content=\"image\/png\" \/>\n<meta name=\"twitter:card\" content=\"summary_large_image\" \/>\n<meta name=\"twitter:label1\" content=\"Est. reading time\" \/>\n\t<meta name=\"twitter:data1\" content=\"1 minute\" \/>\n<script type=\"application\/ld+json\" class=\"yoast-schema-graph\">{\"@context\":\"https:\/\/schema.org\",\"@graph\":[{\"@type\":\"WebPage\",\"@id\":\"https:\/\/ardjotec.com.mx\/?product=valvula-de-compuertas\",\"url\":\"https:\/\/ardjotec.com.mx\/?product=valvula-de-compuertas\",\"name\":\"V\u00e1lvula de Compuertas\",\"isPartOf\":{\"@id\":\"https:\/\/ardjotec.com.mx\/#website\"},\"primaryImageOfPage\":{\"@id\":\"https:\/\/ardjotec.com.mx\/?product=valvula-de-compuertas#primaryimage\"},\"image\":{\"@id\":\"https:\/\/ardjotec.com.mx\/?product=valvula-de-compuertas#primaryimage\"},\"thumbnailUrl\":\"https:\/\/ardjotec.com.mx\/wp-content\/uploads\/2025\/11\/Valvula-de-Compuertas-.png\",\"datePublished\":\"2025-11-09T13:59:21+00:00\",\"description\":\"V\u00e1lvulas compuertas de 2\\\" a 24\\\", hasta 16 bares de presi\u00f3n. Fabricadas en hierro d\u00factil, acero al carbono, inoxidables, Hastelloy y bronce.\",\"breadcrumb\":{\"@id\":\"https:\/\/ardjotec.com.mx\/?product=valvula-de-compuertas#breadcrumb\"},\"inLanguage\":\"en-US\",\"potentialAction\":[{\"@type\":\"ReadAction\",\"target\":[\"https:\/\/ardjotec.com.mx\/?product=valvula-de-compuertas\"]}]},{\"@type\":\"ImageObject\",\"inLanguage\":\"en-US\",\"@id\":\"https:\/\/ardjotec.com.mx\/?product=valvula-de-compuertas#primaryimage\",\"url\":\"https:\/\/ardjotec.com.mx\/wp-content\/uploads\/2025\/11\/Valvula-de-Compuertas-.png\",\"contentUrl\":\"https:\/\/ardjotec.com.mx\/wp-content\/uploads\/2025\/11\/Valvula-de-Compuertas-.png\",\"width\":1024,\"height\":1024,\"caption\":\"V\u00e1lvula de Compuertas\"},{\"@type\":\"BreadcrumbList\",\"@id\":\"https:\/\/ardjotec.com.mx\/?product=valvula-de-compuertas#breadcrumb\",\"itemListElement\":[{\"@type\":\"ListItem\",\"position\":1,\"name\":\"Home\",\"item\":\"https:\/\/ardjotec.com.mx\/\"},{\"@type\":\"ListItem\",\"position\":2,\"name\":\"Shop\",\"item\":\"https:\/\/ardjotec.com.mx\/?page_id=47\"},{\"@type\":\"ListItem\",\"position\":3,\"name\":\"V\u00e1lvula de Compuertas\"}]},{\"@type\":\"WebSite\",\"@id\":\"https:\/\/ardjotec.com.mx\/#website\",\"url\":\"https:\/\/ardjotec.com.mx\/\",\"name\":\"ardjotec\",\"description\":\"ardjotec\",\"potentialAction\":[{\"@type\":\"SearchAction\",\"target\":{\"@type\":\"EntryPoint\",\"urlTemplate\":\"https:\/\/ardjotec.com.mx\/?s={search_term_string}\"},\"query-input\":{\"@type\":\"PropertyValueSpecification\",\"valueRequired\":true,\"valueName\":\"search_term_string\"}}],\"inLanguage\":\"en-US\"}]}<\/script>\n<!-- \/ Yoast SEO plugin. -->","yoast_head_json":{"title":"V\u00e1lvula de Compuertas","description":"V\u00e1lvulas compuertas de 2\" a 24\", hasta 16 bares de presi\u00f3n. Fabricadas en hierro d\u00factil, acero al carbono, inoxidables, Hastelloy y bronce.","robots":{"index":"index","follow":"follow","max-snippet":"max-snippet:-1","max-image-preview":"max-image-preview:large","max-video-preview":"max-video-preview:-1"},"canonical":"https:\/\/ardjotec.com.mx\/?product=valvula-de-compuertas","og_locale":"en_US","og_type":"article","og_title":"V\u00e1lvula de Compuertas","og_description":"V\u00e1lvulas compuertas de 2\" a 24\", hasta 16 bares de presi\u00f3n. Fabricadas en hierro d\u00factil, acero al carbono, inoxidables, Hastelloy y bronce.","og_url":"https:\/\/ardjotec.com.mx\/?product=valvula-de-compuertas","og_site_name":"ardjotec","og_image":[{"width":1024,"height":1024,"url":"https:\/\/ardjotec.com.mx\/wp-content\/uploads\/2025\/11\/Valvula-de-Compuertas-.png","type":"image\/png"}],"twitter_card":"summary_large_image","twitter_misc":{"Est. reading time":"1 minute"},"schema":{"@context":"https:\/\/schema.org","@graph":[{"@type":"WebPage","@id":"https:\/\/ardjotec.com.mx\/?product=valvula-de-compuertas","url":"https:\/\/ardjotec.com.mx\/?product=valvula-de-compuertas","name":"V\u00e1lvula de Compuertas","isPartOf":{"@id":"https:\/\/ardjotec.com.mx\/#website"},"primaryImageOfPage":{"@id":"https:\/\/ardjotec.com.mx\/?product=valvula-de-compuertas#primaryimage"},"image":{"@id":"https:\/\/ardjotec.com.mx\/?product=valvula-de-compuertas#primaryimage"},"thumbnailUrl":"https:\/\/ardjotec.com.mx\/wp-content\/uploads\/2025\/11\/Valvula-de-Compuertas-.png","datePublished":"2025-11-09T13:59:21+00:00","description":"V\u00e1lvulas compuertas de 2\" a 24\", hasta 16 bares de presi\u00f3n. Fabricadas en hierro d\u00factil, acero al carbono, inoxidables, Hastelloy y bronce.","breadcrumb":{"@id":"https:\/\/ardjotec.com.mx\/?product=valvula-de-compuertas#breadcrumb"},"inLanguage":"en-US","potentialAction":[{"@type":"ReadAction","target":["https:\/\/ardjotec.com.mx\/?product=valvula-de-compuertas"]}]},{"@type":"ImageObject","inLanguage":"en-US","@id":"https:\/\/ardjotec.com.mx\/?product=valvula-de-compuertas#primaryimage","url":"https:\/\/ardjotec.com.mx\/wp-content\/uploads\/2025\/11\/Valvula-de-Compuertas-.png","contentUrl":"https:\/\/ardjotec.com.mx\/wp-content\/uploads\/2025\/11\/Valvula-de-Compuertas-.png","width":1024,"height":1024,"caption":"V\u00e1lvula de Compuertas"},{"@type":"BreadcrumbList","@id":"https:\/\/ardjotec.com.mx\/?product=valvula-de-compuertas#breadcrumb","itemListElement":[{"@type":"ListItem","position":1,"name":"Home","item":"https:\/\/ardjotec.com.mx\/"},{"@type":"ListItem","position":2,"name":"Shop","item":"https:\/\/ardjotec.com.mx\/?page_id=47"},{"@type":"ListItem","position":3,"name":"V\u00e1lvula de Compuertas"}]},{"@type":"WebSite","@id":"https:\/\/ardjotec.com.mx\/#website","url":"https:\/\/ardjotec.com.mx\/","name":"ardjotec","description":"ardjotec","potentialAction":[{"@type":"SearchAction","target":{"@type":"EntryPoint","urlTemplate":"https:\/\/ardjotec.com.mx\/?s={search_term_string}"},"query-input":{"@type":"PropertyValueSpecification","valueRequired":true,"valueName":"search_term_string"}}],"inLanguage":"en-US"}]}},"_links":{"self":[{"href":"https:\/\/ardjotec.com.mx\/index.php?rest_route=\/wp\/v2\/product\/29460","targetHints":{"allow":["GET"]}}],"collection":[{"href":"https:\/\/ardjotec.com.mx\/index.php?rest_route=\/wp\/v2\/product"}],"about":[{"href":"https:\/\/ardjotec.com.mx\/index.php?rest_route=\/wp\/v2\/types\/product"}],"replies":[{"embeddable":true,"href":"https:\/\/ardjotec.com.mx\/index.php?rest_route=%2Fwp%2Fv2%2Fcomments&post=29460"}],"version-history":[{"count":1,"href":"https:\/\/ardjotec.com.mx\/index.php?rest_route=\/wp\/v2\/product\/29460\/revisions"}],"predecessor-version":[{"id":29462,"href":"https:\/\/ardjotec.com.mx\/index.php?rest_route=\/wp\/v2\/product\/29460\/revisions\/29462"}],"wp:featuredmedia":[{"embeddable":true,"href":"https:\/\/ardjotec.com.mx\/index.php?rest_route=\/wp\/v2\/media\/29461"}],"wp:attachment":[{"href":"https:\/\/ardjotec.com.mx\/index.php?rest_route=%2Fwp%2Fv2%2Fmedia&parent=29460"}],"wp:term":[{"taxonomy":"product_brand","embeddable":true,"href":"https:\/\/ardjotec.com.mx\/index.php?rest_route=%2Fwp%2Fv2%2Fproduct_brand&post=29460"},{"taxonomy":"product_cat","embeddable":true,"href":"https:\/\/ardjotec.com.mx\/index.php?rest_route=%2Fwp%2Fv2%2Fproduct_cat&post=29460"},{"taxonomy":"product_tag","embeddable":true,"href":"https:\/\/ardjotec.com.mx\/index.php?rest_route=%2Fwp%2Fv2%2Fproduct_tag&post=29460"}],"curies":[{"name":"wp","href":"https:\/\/api.w.org\/{rel}","templated":true}]}}